
False
Is 127446692 a multiple of 55?
False
Does 17 divide 3776304?
False
Is 55691580 a multiple of 60?
True
Does 95 divide 3428290365?
True
Does 5 divide 23703215?
True
Is 190373022 a multiple of 126?
True
Is 9 a factor of 276601527?
True
Is 180 a factor of 2515376846?
False
Is 599 a factor of 15388310?
True
Is 3523392 a multiple of 54?
True
Is 2328 a factor of 540892176?
True
Does 2379 divide 192679622?
False
Is 38738738 a multiple of 283?
True
Is 1307810471 even?
False
Is 1509 a factor of 860705821?
False
Is 881 a factor of 167921243?
True
Does 299 divide 82662437?
True
Is 118051637 a multiple of 1214?
False
Is 1123 a factor of 5891258?
True
Is 899 a factor of 147560232?
False
Does 77 divide 3113393367?
False
Is 601 a factor of 197162495?
False
Is 13 a factor of 459123739?
False
Is 99460433 a multiple of 4217?
False
Is 1098 a factor of 2614009698?
True
Is 100517285 a multiple of 34?
False
Is 3727085236 a multiple of 1973?
False
Is 3 a factor of 1161758?
False
Does 664 divide 817439776?
True
Is 15 a factor of 153364026?
False
Is 1459 a factor of 234821673?
True
Is 312310437 a multiple of 74?
False
Is 6681947748 a multiple of 1931?
False
Is 109 a factor of 12809898?
True
Is 138 a factor of 146566626?
True
Is 171333960 a multiple of 7?
True
Is 182 a factor of 4273456?
False
Does 13 divide 89607063?
True
Does 330 divide 2671350?
True
Is 30526795 a multiple of 398?
False
Is 32 a factor of 282405184?
True
Does 792 divide 139813825?
False
Is 8 a factor of 9762712?
True
Is 4241 a factor of 415110501?
False
Is 8 a factor of 165205368?
True
Is 2024 a factor of 147379053?
False
Is 1897580187 a multiple of 65?
False
Does 2617 divide 116796710?
True
Does 1460 divide 22735173?
False
Is 3494155120 a multiple of 16?
True
Is 6249431 a multiple of 3?
False
Is 5 a factor of 4450792?
False
Does 2 divide 465488161?
False
Is 1183662961 a multiple of 17?
True
Is 16457 a factor of 3944413760?
True
Does 14 divide 11862645?
False
Is 26 a factor of 3239079480?
True
Is 4690 a factor of 405957020?
True
Does 162 divide 32776488?
True
Is 208 a factor of 2767419408?
True
Is 67424724 a multiple of 56?
False
Is 19725884 a multiple of 20?
False
Is 3829303849 a multiple of 20279?
True
Is 47 a factor of 96902391?
True
Is 771856816 a multiple of 16?
True
Is 15 a factor of 4807470?
True
Is 212701224 a multiple of 12?
True
Does 66 divide 158995983?
False
Is 161639502 a multiple of 881?
False
Is 75 a factor of 836700213?
False
Does 61 divide 168421244?
True
Is 5 a factor of 25589400?
True
Is 536 a factor of 628225073?
False
Does 898 divide 14086380?
False
Does 31 divide 58668049?
False
Does 359 divide 95427247?
False
Does 33 divide 856868103?
False
Is 6 a factor of 116585819?
False
Does 5 divide 485917909?
False
Is 7 a factor of 726276992?
True
Does 924 divide 50334900?
True
Is 68053054 a multiple of 922?
False
Does 33 divide 206769717?
True
Is 20280840 a multiple of 176?
False
Does 54 divide 2279818141?
False
Does 21 divide 12364548?
True
Is 291328961 a multiple of 47?
False
Does 40 divide 31586960?
True
Does 63 divide 2059433299?
False
Does 6 divide 3249906?
True
Is 526882700 a multiple of 850?
True
Is 78967416 a multiple of 24?
True
Is 66 a factor of 2265946909?
False
Is 10 a factor of 147842350?
True
Does 16 divide 6908037031?
False
Is 21 a factor of 1598423?
False
Is 803 a factor of 452124332?
True
Is 124660911 a multiple of 3215?
False
Is 1673 a factor of 12073109?
False
Is 984767082 a multiple of 18?
False
Does 18 divide 88674534?
True
Is 1131728429 a multiple of 59?
False
Is 243486648 a multiple of 4968?
True
Is 3075534 a multiple of 66?
True
Is 21726348 even?
True
Is 21 a factor of 8072137?
False
Is 142 a factor of 432615496?
True
Does 1079 divide 5351905?
False
Is 216 a factor of 181912555?
False
Is 102 a factor of 57953748?
True
Is 130893252 a multiple of 1484?
True
Is 159818014 a multiple of 22?
False
Is 804 a factor of 2742767208?
True
Does 107 divide 16341647?
False
Is 1769911939 a multiple of 4163?
True
Is 191773574 even?
True
Does 680 divide 870605360?
True
Does 10 divide 225811040?
True
Is 1736858327 a multiple of 338?
False
Is 90 a factor of 9898200?
True
Does 145 divide 2007246?
False
Is 1043991777 a multiple of 637?
False
Does 37 divide 4393232?
True
Is 1590640 a multiple of 169?
False
Is 30 a factor of 117929670?
True
Is 193 a factor of 1550633024?
True
Is 561238341 a multiple of 69?
True
Is 64 a factor of 18354752?
True
Is 236383012 a multiple of 5?
False
Is 7138 a factor of 1551951098?
True
Does 3 divide 1419944773?
False
Is 47802877 a multiple of 311?
True
Does 159 divide 5548367?
False
Is 244969 a multiple of 10?
False
Is 378 a factor of 2110786020?
True
Is 114915275 a multiple of 98?
False
Does 199 divide 488566108?
False
Is 713597 a multiple of 2?
False
Is 1566681875 a multiple of 1354?
False
Does 37 divide 483349854?
False
Is 3 a factor of 4658924?
False
Is 495459521 a multiple of 1159?
False
Is 125366388 a multiple of 97?
False
Is 1361151 a multiple of 27?
True
Is 20479667 a multiple of 2913?
False
Is 146663139 a multiple of 102?
False
Is 4801 a factor of 245705578?
True
Does 6 divide 32307522?
True
Is 42 a factor of 376546506?
True
Is 58099776 a multiple of 1112?
True
Does 719 divide 71442716?
True
Does 73 divide 83604662?
False
Is 138161432 a multiple of 799?
False
Does 27 divide 30646053?
True
Does 534 divide 414176396?
False
Is 26 a factor of 1308989536?
False
Is 2701097160 a multiple of 24?
True
Is 35733044 a multiple of 382?
True
Is 1740 a factor of 72890301?
False
Does 39 divide 474832371?
True
Does 324 divide 170917776?
True
Does 630 divide 66623957?
False
Is 79233000 a multiple of 440?
True
Is 1027188097 a multiple of 3696?
False
Is 367 a factor of 93614727?
True
Does 3728 divide 162205280?
True
Is 2309 a factor of 86901540?
False
Is 30631136 a multiple of 1808?
True
Is 620 a factor of 164516367?
False
Is 1307649334 a multiple of 113?
True
Does 641 divide 100865837?
True
Does 192 divide 7180224?
True
Does 36 divide 79138836?
True
Is 35 a factor of 68921335?
True
Is 224 a factor of 134356006?
False
Is 1796978696 a multiple of 3?
False
Is 1123745 a multiple of 35?
True
Is 14 a factor of 45026380?
True
Is 6660 a factor of 330595740?
True
Is 18362894 a multiple of 195?
False
Is 145047985 a multiple of 54?
False
Does 3 divide 99534584?
False
Is 14 a factor of 92631168?
True
Is 6722 a factor of 150133135?
False
Is 5844 a factor of 121818180?
True
Is 87737586 a multiple of 1678?
True
Is 2169 a factor of 148443530?
False
Is 1650 a factor of 475114200?
True
Does 3751 divide 1301876947?
False
Is 56551677 a multiple of 1979?
False
Does 91 divide 1248789745?
False
Is 57860616 a multiple of 520?
False
Does 1706 divide 226061910?
False
Is 25143661 a multiple of 1453?
False
Is 10190 a factor of 1096798797?
False
Does 365 divide 11098580?
False
Does 323 divide 13088283?
True
Does 77 divide 19360726?
True
Does 9 divide 106675050?
False
Is 659088138 a multiple of 1188?
False
Is 641 a factor of 153495783?
True
Is 60102042 a multiple of 77?
True
Does 1340 divide 150140385?
False
Is 53303936 a multiple of 8?
True
Is 1866 a factor of 265505029?
False
Does 130 divide 102712480?
True
Is 11 a factor of 1171215450?
False
Does 4 divide 245859817?
False
Is 283 a factor of 82144429?
True
Does 5 divide 154725630?
True
Does 3565 divide 1757448745?
True
Does 78 divide 199631911?
False
Is 1227164400 a multiple of 1398?
True
Is 348510117 a multiple of 317?
True
Does 389 divide 30166172?
True
Is 195250475 a multiple of 13825?
True
Is 3489943530 a multiple of 2999?
False
Is 190902719 a multiple of 7?
True
Is 478380 a multiple of 255?
True
Is 32474839 a multiple of 181?
True
Is 60 a factor of 6985336?
False
Is 1863851517 a multiple of 11?
True
Is 1213931537 a multiple of 793?
True
Does 128 divide 130060693?
False
Does 727 divide 270131819?
False
Does 3 divide 1909419?
True
Is 59 a factor of 398684653?
True
Is 8576216 a multiple of 44?
True
Is 528561152 a multiple of 152?
True
Is 112097125 a multiple of 19?
False
Does 5 divide 50749225?
True
Is 126481680 a multiple of 12?
True
Is 8217200 a multiple of 100?
True
Is 64568295 a multiple of 1683?
True
Is 248 a factor of 25195560?
True
Is 150882470 a multiple of 2189?
False
Is 153307280 a multiple of 1372?
True
Is 217342852 a mult